me factors of 113276?
2, 28319
List the prime factors of 523485.
3, 5, 11633
What are the prime factors of 1694576?
2, 13, 8147
List the prime factors of 45779.
45779
What are the prime factors of 5306881?
73, 139, 523
What are the prime factors of 561612?
2, 3, 17, 2753
List the prime factors of 1792573.
307, 5839
List the prime factors of 167674.
2, 13, 6449
List the prime factors of 1657127.
23, 109, 661
List the prime factors of 234631.
19, 53, 233
What are the prime factors of 4355108?
2, 1088777
What are the prime factors of 36125461?
43, 227, 3701
What are the prime factors of 326759?
67, 4877
What are the prime factors of 15829?
11, 1439
What are the prime factors of 2340821?
7, 334403
What are the prime factors of 1391752?
2, 173969
What are the prime factors of 799434?
2, 3, 23, 1931
What are the prime factors of 948956?
2, 59, 4021
List the prime factors of 955277.
955277
List the prime factors of 135901.
37, 3673
List the prime factors of 1813768.
2, 11, 20611
What are the prime factors of 7242675?
3, 5, 11, 8779
List the prime factors of 2256372.
2, 3, 233, 269
List the prime factors of 12628317.
3, 13, 323803
What are the prime factors of 408866?
2, 89, 2297
List the prime factors of 10547889.
3, 11, 83, 3851
What are the prime factors of 300887?
193, 1559
What are the prime factors of 300986?
2, 7, 21499
What are the prime factors of 157416?
2, 3, 7, 937
What are the prime factors of 219172?
2, 157, 349
List the prime factors of 53329.
17, 3137
What are the prime factors of 659401?
31, 89, 239
List the prime factors of 379997.
379997
What are the prime factors of 65553?
3, 21851
List the prime factors of 109640.
2, 5, 2741
What are the prime factors of 10534343?
67, 157229
What are the prime factors of 2434139?
2434139
List the prime factors of 10024935.
3, 5, 31, 21559
What are the prime factors of 164307?
3, 11, 13, 383
What are the prime factors of 10650818?
2, 103, 149, 347
List the prime factors of 2361586.
2, 19, 29, 2143
What are the prime factors of 9658341?
3, 7, 11, 181
List the prime factors of 519433.
519433
List the prime factors of 453788.
2, 41, 2767
What are the prime factors of 6376003?
17, 375059
What are the prime factors of 8165684?
2, 2041421
List the prime factors of 9755615.
5, 1951123
What are the prime factors of 20198?
2, 10099
List the prime factors of 1066762.
2, 101, 5281
List the prime factors of 3841769.
397, 9677
What are the prime factors of 68195?
5, 23, 593
List the prime factors of 30045.
3, 5, 2003
What are the prime factors of 47176?
2, 5897
What are the prime factors of 689359?
11, 29, 2161
What are the prime factors of 5476060?
2, 5, 273803
List the prime factors of 14389643.
14389643
List the prime factors of 183391.
13, 14107
What are the prime factors of 20673513?
3, 7, 17, 97, 199
List the prime factors of 3559778.
2, 1779889
What are the prime factors of 18043285?
5, 13, 131, 163
What are the prime factors of 6544235?
5, 17, 76991
What are the prime factors of 1537607?
1537607
What are the prime factors of 17861677?
89, 97, 2069
List the prime factors of 5340180.
2, 3, 5, 89003
What are the prime factors of 342709?
389, 881
What are the prime factors of 1810465?
5, 362093
List the prime factors of 3893862.
2, 3, 7, 83, 1117
List the prime factors of 222890.
2, 5, 31, 719
List the prime factors of 1131825.
3, 5, 15091
List the prime factors of 31676.
2, 7919
What are the prime factors of 1064126?
2, 7, 29, 2621
What are the prime factors of 4386772?
2, 13, 29, 2909
What are the prime factors of 116020?
2, 5, 5801
List the prime factors of 122671.
61, 2011
List the prime factors of 4213853.
7, 23, 3739
What are the prime factors of 6291?
3, 233
List the prime factors of 2739756.
2, 3, 229, 997
List the prime factors of 3812335.
5, 17, 44851
List the prime factors of 876506.
2, 438253
What are the prime factors of 11022827?
11022827
What are the prime factors of 461144?
2, 59, 977
What are the prime factors of 5529847?
179, 30893
What are the prime factors of 14452633?
13, 1111741
List the prime factors of 5285281.
5285281
What are the prime factors of 274036?
2, 7, 9787
List the prime factors of 884283.
3, 294761
What are the prime factors of 441100?
2, 5, 11, 401
What are the prime factors of 1224182?
2, 37, 71, 233
What are the prime factors of 1063093?
47, 22619
List the prime factors of 6113062.
2, 3056531
List the prime factors of 10575099.
3, 421, 2791
What are the prime factors of 226376?
2, 28297
List the prime factors of 2432739.
3, 810913
What are the prime factors of 902308?
2, 11, 20507
What are the prime factors of 1663262?
2, 831631
List the prime factors of 1711509.
3, 17, 37, 907
List the prime factors of 143667.
3, 17, 313
List the prime factors of 302236.
2, 11, 6869
What are the prime factors of 333004?
2, 7, 1699
What are the prime factors of 1054095?
3, 5, 7, 10039
What are the prime factors of 2827924?
2, 11, 64271
What are the prime factors of 257964?
2, 3, 7, 37, 83
List the prime factors of 258851.
313, 827
What are the prime factors of 103960?
2, 5, 23, 113
List the prime factors of 161806.
2, 17, 4759
What are the prime factors of 4701436?
2, 19, 61861
List the prime factors of 34901.
17, 2053
What are the prime factors of 2266853?
401, 5653
List the prime factors of 23119.
61, 379
List the prime factors of 193185.
3, 5, 53
List the prime factors of 3264475.
5, 130579
List the prime factors of 1709563.
19, 89977
List the prime factors of 2780388.
2, 3, 13, 457
What are the prime factors of 1314711?
3, 16231
What are the prime factors of 1945217?
79, 24623
What are the prime factors of 12051838?
2, 107, 199, 283
What are the prime factors of 5573?
5573
What are the prime factors of 1356663?
3, 7, 11, 839
What are the prime factors of 137622?
2, 3, 22937
List the prime factors of 66364.
2, 47, 353
List the prime factors of 25546671.
3, 139, 2269
List the prime factors of 1159761.
3, 386587
What are the prime factors of 317827?
317827
List the prime factors of 192662.
2, 96331
List the prime factors of 309694.
2, 7, 11, 2011
What are the prime factors of 3180260?
2, 5, 159013
List the prime factors of 889049.
7, 17, 31, 241
What are the prime factors of 330373?
37, 8929
What are the prime factors of 173077?
17, 10181
List the prime factors of 2891523.
3, 963841
List the prime factors of 2073548.
2, 518387
What are the prime factors of 27466570?
2, 5, 541, 5077
List the prime factors of 5144295.
3, 5, 13, 23, 31, 37
List the prime factors of 225316.
2, 7, 13, 619
What are the prime factors of 6883628?
2, 37, 46511
List the prime factors of 16214180.
2, 5, 149, 5441
List the prime factors of 1564262.
2, 7, 111733
List the prime factors of 360526.
2, 180263
What are the prime factors of 808441?
808441
List the prime factors of 13948463.
1451, 9613
List the prime factors of 3917779.
47, 83357
What are the prime factors of 2250446?
2, 11, 102293
List the prime factors of 1012338.
2, 3, 2083
List the prime factors of 689416.
2, 7, 13, 947
List the prime factors of 643730.
2, 5, 64373
List the prime factors of 1218976.
2, 11, 3463
What are the prime factors of 291694?
2, 13, 863
What are the prime factors of 645858?
2, 3, 53, 677
List the prime factors of 397725.
3, 5, 5303
List the prime factors of 26244231.
3, 13, 89, 7561
List the prime factors of 193129.
151, 1279
List the prime factors of 573372.
2, 3, 5309
List the prime factors of 32685432.
2, 3, 13, 104761
List the prime factors of 30248.
2, 19, 199
List the prime factors of 2726708.
2, 681677
What are the prime factors of 19187286?
2, 3, 3197881
What are the prime factors of 1290259?
1290259
List the prime factors of 6750984.
2, 3, 281291
What are the prime factors of 1357825?
5, 7, 7759
What are the prime factors of 4657968?
2, 3, 7, 4621
List the prime factors of 1433.
1433
List the prime factors of 201302.
2, 251, 401
List the prime factors of 489581.
41, 11941
List the prime factors of 316409.
397, 797
List the prime factors of 155468.
2, 38867
List the prime factors of 13937492.
2, 3484373
List the prime factors of 60609.
3, 89, 227
What are the prime factors of 9190?
2, 5, 919
What are the prime factors of 3920634?
2, 3, 139, 1567
What are the prime factors of 280080?
2, 3, 5, 389
What are the prime 